8*u**2. List the prime factors of b(4).
2, 47
Let l(i) = -544*i + 316. List the prime factors of l(-4).
2, 7, 89
Suppose -2*c + 113 = -k, -155 = -5*c + 3*k + 128. Suppose c + 28 = 2*l. Let j = -24 + l. What are the prime factors of j?
2, 3
Let s be 9/3 - (1 + -10). Let q = s - 8. List the prime factors of q.
2
Suppose 10912 = 97*z - 89*z. List the prime factors of z.
2, 11, 31
Let l(a) be the first derivative of a**4/4 + 16*a**3/3 - a**2/2 - 18*a - 1. Let d be l(-16). List the prime factors of d/(-5) - 56/(-10).
2, 3
Let d be 4/14 + (-152)/(-56). Suppose -2*a = -4*l - 96, 0 = d*a - 3*l + l - 152. What are the prime factors of a?
2, 13
Suppose 0 = 2*z - 10, -5*j - 4*z + 1256 = -j. List the prime factors of j.
3, 103
Suppose 8*m - 5 = 7*m. Suppose -4*a + m*f + 235 = a, 0 = -3*a - 2*f + 156. List the prime factors of a.
2, 5
What are the prime factors of (4/(-6))/(42/(-47691))?
757
Let p(h) = h**2 - 2*h + 17. Let q be (15/6)/((-15)/(-36)). Let g = q + 1. What are the prime factors of p(g)?
2, 13
Let v = 5568 - 2922. What are the prime factors of v?
2, 3, 7
What are the prime factors of 1696*(-1)/(-5)*(-185)/(-74)?
2, 53
Let q(m) = -m + 20. Let n be q(-7). Suppose -n = 4*l - 119. List the prime factors of l.
23
Let s be ((-12)/5)/((-22)/(-110)). List the prime factors of (-6)/(-27)*3 + (-2044)/s.
3, 19
Let k(c) = -3*c - 9. Let d be k(10). What are the prime factors of 6/39 - 930/d?
2, 3
Suppose 0 = 2*r + 3*b + 10, 0*r + 3*r = 5*b + 23. Let s(q) = 55*q**3 - 2*q**2 + q. What are the prime factors of s(r)?
2, 3
Let i be (-12)/(-9) + 6/((-108)/6). List the prime factors of 56/6*135/10 - i.
5
Let f = -21 + 25. Suppose 0 = -f*o - 64 + 288. What are the prime factors of o?
2, 7
Suppose 3*d = -2*d + 60. What are the prime factors of -146*3/d*(-4)/2?
73
Suppose 0 = 2*g + s - 709, 4*g - 1231 - 196 = s. List the prime factors of g.
2, 89
Let n = 87 - 85. What are the prime factors of ((-9)/(-15))/(n/30)?
3
Let y(a) = 637*a**3 + a**2 + 7*a - 7. What are the prime factors of y(1)?
2, 11, 29
Suppose -5*g + 657 + 648 = 0. List the prime factors of g.
3, 29
Let u(k) = -k**2 - 5*k + 7. Let c be u(-5). Let t be 13/((-364)/(-120))*c. Suppose -56 = -2*g + t. List the prime factors of g.
43
Suppose -3*w = 4*f - 9, 2*f + 2*f = 5*w - 15. Suppose 5*d + 4*p = 4*d + 24, 0 = -3*d - w*p + 81. What are the prime factors of d?
2, 7
Suppose 0 = 5*w + l - 3*l + 490, l = 5. Let b = -218 - w. Let g = -86 - b. List the prime factors of g.
2, 3
Let a = -25 + 14. Let k(j) = j**2 + 12*j + 15. Let o be k(a). Suppose -o*h + 24 = 4*c, 2*h - 4*h + 2*c = -24. What are the prime factors of h?
3
Let l be (-639)/(-45) - 1/5. List the prime factors of (103/(-2))/((-7)/l).
103
Suppose 6*m - 3*b + 71 = 7*m, -3*m + 213 = 3*b. List the prime factors of m.
71
List the prime factors of (0 - 3)/(12/(-1568)).
2, 7
Let j be (-32)/(-6)*6/(-4). Let b(d) = 2*d**2 - 28*d + 60. Let x be b(14). List the prime factors of 4/(-1)*x/j.
2, 3, 5
What are the prime factors of (24773/49 - (-8)/(-14)) + 4?
509
Let y be (-9)/(-5) + 8/40. Suppose 10 = y*d + 3*d. Suppose -5*t + 6 = -2*i, -10 = -7*t + d*t. What are the prime factors of i?
2
Suppose -x - 5*c = -293, 0 = -x - 2*c - 0*c + 308. What are the prime factors of x?
2, 3, 53
Suppose -18 = -2*x - 3*v, 16 = 4*v - 0*v. What are the prime factors of (x - 0)/(-6 - -5) + 103?
2, 5
Let x(k) = 649*k + 692. What are the prime factors of x(5)?
31, 127
List the prime factors of -3 - (14628/(-7) - 4/14).
2087
List the prime factors of (172/6)/((-42)/(-819)).
13, 43
Suppose -3*l + 0*l - 42 = 0. Let u = l + 9. Let p = 32 + u. List the prime factors of p.
3
Let b be 23 - 4 - (3 + -1). Let a(x) = 14*x**2 + 27*x - 56. Let c(z) = 5*z**2 + 9*z - 19. Let h(s) = b*c(s) - 6*a(s). List the prime factors of h(8).
5
Suppose -25*a = -20*a - 3480. List the prime factors of a.
2, 3, 29
Let z be ((0/1)/(-1))/1. Suppose -4*v + 12 - 4 = z. List the prime factors of (-32)/(-3)*3/v.
2
Let m(o) = -o**3 + 6*o**2 - 5*o - 2. Let n be m(5). Suppose -t + 6 = -4. Let d = n + t. List the prime factors of d.
2
Let v = -34 - -52. Suppose 5*x = 6*x - v. What are the prime factors of x?
2, 3
Let l = -22 - -25. Suppose l*i = -5*d + 77, 2*i + 5*d - 90 = -32. Let s = 64 - i. What are the prime factors of s?
3, 5
Let r(z) = -z**3 - 5*z**2 - z - 3. Let j be r(-5). Let k be 4 - (-6 + j + 3). Suppose -b = 1, -k*q + 3*b = 4*b - 54. List the prime factors of q.
11
Let d = 603 - 255. List the prime factors of d.
2, 3, 29
Let c = -12 - -14. Suppose -c*q = 2*q. Let y(w) = w**3 - w + 15. List the prime factors of y(q).
3, 5
Let a = 29 - 26. Let p(y) = 11*y**2 + y - 1. List the prime factors of p(a).
101
Let f(s) = 5 + 10 - 16*s + 0. Let j be f(6). What are the prime factors of j/(-2) + 5/10?
41
Let n = -1 + 3. What are the prime factors of n/(1/1) + 73?
3, 5
Let n be (1 - -2) + 2 + -4. List the prime factors of 4*132/64 - n/4.
2
Suppose 0 = c + 4*p + 1, 3 = -5*c + 4*p + 22. Suppose 11 + 1 = c*v. Suppose -v*n + 111 = -h, 0 = 3*n + 2*h - 3*h - 84. List the prime factors of n.
3
Let x = -6162 + 9384. List the prime factors of x.
2, 3, 179
Let i(j) = 10*j**2 - 8*j + 96. List the prime factors of i(-10).
2, 3, 7
Suppose -4*t = -5*n - 1396, -3*n = 3*t - 0*n - 1047. List the prime factors of t.
349
Suppose -4*d + 4 = -5*u + 3*u, -3*d - 2*u = -10. List the prime factors of d.
2
List the prime factors of (-84)/24*(-161 - 1).
3, 7
Let w = -108 - -114. Suppose i - 685 = -3*f, w*i - 5*i = -5*f + 1141. List the prime factors of f.
2, 3, 19
Let i = -20 + 392. Suppose -5*w = w - i. List the prime factors of w.
2, 31
Suppose -11*q - 2443 = -4*q. Let h = 506 + q. What are the prime factors of h?
157
Let f(b) = -b**2 + 904. List the prime factors of f(0).
2, 113
Suppose 0 = -44*p + 47*p - 420. Let b = p + -73. What are the prime factors of b?
67
Let w = 123 - 81. What are the prime factors of w?
2, 3, 7
Let w(n) = n**3 + 1. Let i(g) = 2*g**3 - 14*g**2 + 14*g - 14. Let y(t) = -i(t) + w(t). Let a be y(13). What are the prime factors of a/3 + 340/12?
29
Let z(m) = 1 - 17*m + 12 + 37*m + 12*m. What are the prime factors of z(3)?
109
Let a = -626 - -1313. List the prime factors of a.
3, 229
Let q be (-13)/(-5) + 2/5. Let b = 0 + q. Suppose 0 = 4*a - b*a, 7 = j - 2*a. What are the prime factors of j?
7
Let b = -90 - -152. Suppose -b = 2*o - 186. List the prime factors of o.
2, 31
Suppose 6*w = 10*w - 16. List the prime factors of (6/w)/(10/20).
3
Suppose 9*n - 3501 = -603. List the prime factors of n.
2, 7, 23
Let i be (3 + 27)*44/10. Suppose -7*k = 2*v - 2*k - i, 4*v - 264 = -4*k. What are the prime factors of v?
2, 3, 11
Let d be 548/6 - 4/(-6). Suppose j - 3*j = -d. Suppose -136 + j = -3*g. What are the prime factors of g?
2, 3, 5
Let l(q) = 187*q + 27. List the prime factors of l(1).
2, 107
What are the prime factors of -5*(-2)/(-70) + 7478/14?
2, 3, 89
Suppose -4*r - 12 = 4*f, -7*r = 5*f - 3*r + 12. Let n = 10 - f. List the prime factors of n.
2, 5
List the prime factors of ((-498)/45 + 18/27)*-155.
2, 13, 31
Let d(f) = 3887*f + 176. What are the prime factors of d(1)?
17, 239
Let x(j) = j + 23. Let n be x(0). Let b = 28 - n. Suppose 3*r - 2*r + 21 = b*k, -5*r - 4*k = -40. What are the prime factors of r?
2
Suppose -y - 4*s = 11, y + s - 2 + 1 = 0. Let q = -2 + y. Let g(p) = 2*p**3 - 5*p**2 + 5*p - 2. What are the prime factors of g(q)?
2, 11
Let g be ((-8)/(-10))/((-26)/65). Let q be ((-320)/(-4))/(-4)*g. Suppose -x + 20 = -0*x + 4*r, 2*x = 2*r + q. List the prime factors of x.
2, 5
Suppose -81*l = -84*l + 4068. What are the prime factors of l?
2, 3, 113
What are the prime factors of 980 - (0/5 - 0 - 1)?
3, 109
Let c = 1 - 2. Let p = c + 4. Suppose 81 = 5*r + p*z, r + 4*z = -2*r + 42. List the prime factors of r.
2, 3
Let j = -43 - -248. Let v = -144 + j. List the prime factors of v.
61
Let t = 65 - 51. Suppose 4*f = t*f - 2460. List the prime factors of f.
2, 3, 41
Suppose y + 261 = -201. Let k = 658 + y. What are the prime factors of k?
2, 7
Let d be (-42)/(-10) - (-2)/(-10). Let s(r) = r**2 - 4*r + 2. Let g be s(d). Suppose 120 = 7*o - g*o. List the prime factors of o.
2, 3
Let g(n) be the third derivative of n**5/20 + n**4/6 - 2*n**3/3 - 12*n**2. List the prime factors of g(3).
5, 7
Let a(u) = 72*u**2 + 130*u + 30. List the prime